{"id":2,"date":"2011-08-20T15:45:23","date_gmt":"2011-08-20T13:45:23","guid":{"rendered":"http:\/\/elektro-duebi.ch\/web\/?page_id=2"},"modified":"2020-10-02T13:38:57","modified_gmt":"2020-10-02T11:38:57","slug":"elektro-duebi","status":"publish","type":"page","link":"http:\/\/elektro-duebi.ch\/web\/","title":{"rendered":"Elektro D\u00fcbi AG"},"content":{"rendered":"<p><strong><a href=\"http:\/\/elektro-duebi.ch\/web\/wp-content\/uploads\/2014\/11\/news_umzug_2014.jpg\"><img loading=\"lazy\" decoding=\"async\" class=\"alignright size-thumbnail wp-image-510\" src=\"http:\/\/elektro-duebi.ch\/web\/wp-content\/uploads\/2014\/11\/news_umzug_2014-150x112.jpg\" alt=\"news_umzug_2014\" width=\"150\" height=\"112\" \/><\/a>Wir sind umgezogen!<br \/>\nElektro D\u00fcbi verlegt den Hauptsitz nach Lyss!<\/strong><\/p>\n<p>Seit Anfang Januar 2015 finden Sie uns neu an der Bahnhofstrasse 23 in 3250 Lyss. <a href=\"https:\/\/maps.google.ch\/maps?q=Bahnhofstrasse+28,+3250+Lyss&amp;ll=47.07729,7.305224&amp;spn=0.001998,0.002414&amp;hnear=Bahnhofstrasse+28,+3250+Lyss,+Bern&amp;t=m&amp;z=19&amp;layer=c&amp;cbll=47.07729,7.305224&amp;panoid=JAmj3T31bxpzfGfr88NgyQ&amp;cbp=12,193.7,,0,-9.3\" target=\"_blank\" rel=\"noopener noreferrer\">Klicken Sie hier um zu Google-Maps und zum Routenplaner zu gelangen.<\/a><\/p>\n<hr \/>\n<p><img loading=\"lazy\" decoding=\"async\" class=\"alignright\" title=\"portrait_neu\" src=\"http:\/\/elektro-duebi.ch\/web\/wp-content\/uploads\/2011\/08\/portrait_neu.png\" alt=\"\" width=\"150\" height=\"200\" \/><\/p>\n<p>Elektromeisterbetrieb<br \/>\nUnser Team besteht aus qualifizierten, innovativen Mitarbeitern, die sich Zeit f\u00fcr Ihre W\u00fcnsche nehmen und auf Ihre pers\u00f6nlichen Anliegen eingehen.<\/p>\n<p>Marc D\u00fcbi (Gesch\u00e4ftsinhaber)<\/p>\n<ul>\n<li>Eidgen\u00f6ssisch diplomierter Elektroinstallateur<\/li>\n<li>Elektro-Projektleiter mit eidgen\u00f6ssischem Fachausweis<\/li>\n<li>Elektro-Sicherheitsberater mit eidgen\u00f6ssischem Fachausweis<\/li>\n<li>Elektromonteur mit eidgen\u00f6ssischem F\u00e4higkeitszeugnis<\/li>\n<\/ul>\n<p>Wir realisieren individuelle, zeitgem\u00e4sse, dem Stand der Technik entsprechende und f\u00fcr<br \/>\nSie abgestimmte L\u00f6sungen. F\u00fcr Private, Firmen und Industriebetriebe&#8230;<\/p>\n<p><iframe loading=\"lazy\" src=\"\/\/www.youtube.com\/embed\/gtPcT5lzsiA\" width=\"540\" height=\"315\" frameborder=\"0\"><\/iframe><\/p>\n<p>Elektro D\u00fcbi ist Ihr kompetenter Ansprechpartner f\u00fcr grosse und kleine Projekte. Wir freuen uns auf Ihre Anfragen. Rufen Sie an oder schreiben Sie uns eine Email. Ihr Anliegen wird schnell und kompetent beantwortet.<\/p>\n<p><a href=\"http:\/\/elektro-duebi.ch\/web\/wp-content\/uploads\/2011\/08\/SNV12109.jpg\"><img loading=\"lazy\" decoding=\"async\" class=\"alignnone size-thumbnail wp-image-66\" title=\"SAMSUNG DIGITAL CAMERA\" src=\"http:\/\/elektro-duebi.ch\/web\/wp-content\/uploads\/2011\/08\/SNV12109-150x112.jpg\" alt=\"\" width=\"150\" height=\"112\" srcset=\"http:\/\/elektro-duebi.ch\/web\/wp-content\/uploads\/2011\/08\/SNV12109-150x112.jpg 150w, http:\/\/elektro-duebi.ch\/web\/wp-content\/uploads\/2011\/08\/SNV12109-400x300.jpg 400w, http:\/\/elektro-duebi.ch\/web\/wp-content\/uploads\/2011\/08\/SNV12109-800x600.jpg 800w, http:\/\/elektro-duebi.ch\/web\/wp-content\/uploads\/2011\/08\/SNV12109.jpg 1000w\" sizes=\"auto, (max-width: 150px) 100vw, 150px\" \/><\/a> <a href=\"http:\/\/elektro-duebi.ch\/web\/wp-content\/uploads\/2011\/08\/SNV12115.jpg\"><img loading=\"lazy\" decoding=\"async\" class=\"alignnone size-thumbnail wp-image-67\" title=\"SAMSUNG DIGITAL CAMERA\" src=\"http:\/\/elektro-duebi.ch\/web\/wp-content\/uploads\/2011\/08\/SNV12115-150x112.jpg\" alt=\"\" width=\"150\" height=\"112\" \/><\/a> <a href=\"http:\/\/elektro-duebi.ch\/web\/wp-content\/uploads\/2011\/08\/SNV12117.jpg\"><img loading=\"lazy\" decoding=\"async\" class=\"alignnone size-thumbnail wp-image-68\" title=\"SAMSUNG DIGITAL CAMERA\" src=\"http:\/\/elektro-duebi.ch\/web\/wp-content\/uploads\/2011\/08\/SNV12117-150x112.jpg\" alt=\"\" width=\"150\" height=\"112\" \/><\/a><\/p>\n<hr \/>\n<p><strong><a href=\"http:\/\/www.berufsbildungplus.ch\/\" target=\"_blank\" rel=\"noopener noreferrer\"><img loading=\"lazy\" decoding=\"async\" class=\"alignleft size-full wp-image-241\" style=\"border: 0px none;\" title=\"logo_berufsbildung\" src=\"http:\/\/elektro-duebi.ch\/web\/wp-content\/uploads\/2011\/08\/logo_berufsbildung.png\" alt=\"\" width=\"100\" height=\"100\" \/><\/a>Wir machen Profis.<\/strong><br \/>\nEine Initiative von Bund, Kantonen und Organisationen der Arbeitswelt zur F\u00f6rderung der Berufsbildung.<\/p>\n","protected":false},"excerpt":{"rendered":"<p>Wir sind umgezogen! Elektro D\u00fcbi verlegt den Hauptsitz nach Lyss! Seit Anfang Januar 2015 finden Sie uns neu an der Bahnhofstrasse 23 in 3250 Lyss. Klicken Sie hier um zu Google-Maps und zum Routenplaner zu gelangen. Elektromeisterbetrieb Unser Team besteht &hellip; <a href=\"http:\/\/elektro-duebi.ch\/web\/\">Weiterlesen <span class=\"meta-nav\">&rarr;<\/span><\/a><\/p>\n","protected":false},"author":1,"featured_media":0,"parent":0,"menu_order":1,"comment_status":"closed","ping_status":"closed","template":"","meta":{"footnotes":"","_links_to":"","_links_to_target":""},"class_list":["post-2","page","type-page","status-publish","hentry"],"_links":{"self":[{"href":"http:\/\/elektro-duebi.ch\/web\/wp-json\/wp\/v2\/pages\/2","targetHints":{"allow":["GET"]}}],"collection":[{"href":"http:\/\/elektro-duebi.ch\/web\/wp-json\/wp\/v2\/pages"}],"about":[{"href":"http:\/\/elektro-duebi.ch\/web\/wp-json\/wp\/v2\/types\/page"}],"author":[{"embeddable":true,"href":"http:\/\/elektro-duebi.ch\/web\/wp-json\/wp\/v2\/users\/1"}],"replies":[{"embeddable":true,"href":"http:\/\/elektro-duebi.ch\/web\/wp-json\/wp\/v2\/comments?post=2"}],"version-history":[{"count":36,"href":"http:\/\/elektro-duebi.ch\/web\/wp-json\/wp\/v2\/pages\/2\/revisions"}],"predecessor-version":[{"id":615,"href":"http:\/\/elektro-duebi.ch\/web\/wp-json\/wp\/v2\/pages\/2\/revisions\/615"}],"wp:attachment":[{"href":"http:\/\/elektro-duebi.ch\/web\/wp-json\/wp\/v2\/media?parent=2"}],"curies":[{"name":"wp","href":"https:\/\/api.w.org\/{rel}","templated":true}]}}

Elektro Dübi AG

<p><strong><a href="http://elektro-duebi.ch/web/wp-content/uploads/2014/11/news_umzug_2014.jpg"><img loading="lazy" decoding="async" class="alignright size-thumbnail wp-image-510" src="http://elektro-duebi.ch/web/wp-content/uploads/2014/11/news_umzug_2014-150x112.jpg" alt="news_umzug_2014" width="150" height="112" /></a>Wir sind umgezogen!<br />
Elektro Dübi verlegt den Hauptsitz nach Lyss!</strong></p>
<p>Seit Anfang Januar 2015 finden Sie uns neu an der Bahnhofstrasse 23 in 3250 Lyss. <a href="https://maps.google.ch/maps?q=Bahnhofstrasse+28,+3250+Lyss&amp;ll=47.07729,7.305224&amp;spn=0.001998,0.002414&amp;hnear=Bahnhofstrasse+28,+3250+Lyss,+Bern&amp;t=m&amp;z=19&amp;layer=c&amp;cbll=47.07729,7.305224&amp;panoid=JAmj3T31bxpzfGfr88NgyQ&amp;cbp=12,193.7,,0,-9.3" target="_blank" rel="noopener noreferrer">Klicken Sie hier um zu Google-Maps und zum Routenplaner zu gelangen.</a></p>
<hr />
<p><img loading="lazy" decoding="async" class="alignright" title="portrait_neu" src="http://elektro-duebi.ch/web/wp-content/uploads/2011/08/portrait_neu.png" alt="" width="150" height="200" /></p>
<p>Elektromeisterbetrieb<br />
Unser Team besteht aus qualifizierten, innovativen Mitarbeitern, die sich Zeit für Ihre Wünsche nehmen und auf Ihre persönlichen Anliegen eingehen.</p>
<p>Marc Dübi (Geschäftsinhaber)</p>
<ul>
<li>Eidgenössisch diplomierter Elektroinstallateur</li>
<li>Elektro-Projektleiter mit eidgenössischem Fachausweis</li>
<li>Elektro-Sicherheitsberater mit eidgenössischem Fachausweis</li>
<li>Elektromonteur mit eidgenössischem Fähigkeitszeugnis</li>
</ul>
<p>Wir realisieren individuelle, zeitgemässe, dem Stand der Technik entsprechende und für<br />
Sie abgestimmte Lösungen. Für Private, Firmen und Industriebetriebe&#8230;</p>
<p><iframe loading="lazy" src="//www.youtube.com/embed/gtPcT5lzsiA" width="540" height="315" frameborder="0"></iframe></p>
<p>Elektro Dübi ist Ihr kompetenter Ansprechpartner für grosse und kleine Projekte. Wir freuen uns auf Ihre Anfragen. Rufen Sie an oder schreiben Sie uns eine Email. Ihr Anliegen wird schnell und kompetent beantwortet.</p>
<p><a href="http://elektro-duebi.ch/web/wp-content/uploads/2011/08/SNV12109.jpg"><img loading="lazy" decoding="async" class="alignnone size-thumbnail wp-image-66" title="SAMSUNG DIGITAL CAMERA" src="http://elektro-duebi.ch/web/wp-content/uploads/2011/08/SNV12109-150x112.jpg" alt="" width="150" height="112" srcset="http://elektro-duebi.ch/web/wp-content/uploads/2011/08/SNV12109-150x112.jpg 150w, http://elektro-duebi.ch/web/wp-content/uploads/2011/08/SNV12109-400x300.jpg 400w, http://elektro-duebi.ch/web/wp-content/uploads/2011/08/SNV12109-800x600.jpg 800w, http://elektro-duebi.ch/web/wp-content/uploads/2011/08/SNV12109.jpg 1000w" sizes="auto, (max-width: 150px) 100vw, 150px" /></a> <a href="http://elektro-duebi.ch/web/wp-content/uploads/2011/08/SNV12115.jpg"><img loading="lazy" decoding="async" class="alignnone size-thumbnail wp-image-67" title="SAMSUNG DIGITAL CAMERA" src="http://elektro-duebi.ch/web/wp-content/uploads/2011/08/SNV12115-150x112.jpg" alt="" width="150" height="112" /></a> <a href="http://elektro-duebi.ch/web/wp-content/uploads/2011/08/SNV12117.jpg"><img loading="lazy" decoding="async" class="alignnone size-thumbnail wp-image-68" title="SAMSUNG DIGITAL CAMERA" src="http://elektro-duebi.ch/web/wp-content/uploads/2011/08/SNV12117-150x112.jpg" alt="" width="150" height="112" /></a></p>
<hr />
<p><strong><a href="http://www.berufsbildungplus.ch/" target="_blank" rel="noopener noreferrer"><img loading="lazy" decoding="async" class="alignleft size-full wp-image-241" style="border: 0px none;" title="logo_berufsbildung" src="http://elektro-duebi.ch/web/wp-content/uploads/2011/08/logo_berufsbildung.png" alt="" width="100" height="100" /></a>Wir machen Profis.</strong><br />
Eine Initiative von Bund, Kantonen und Organisationen der Arbeitswelt zur Förderung der Berufsbildung.</p>

<p>Wir sind umgezogen! Elektro Dübi verlegt den Hauptsitz nach Lyss! Seit Anfang Januar 2015 finden Sie uns neu an der Bahnhofstrasse 23 in 3250 Lyss. Klicken Sie hier um zu Google-Maps und zum Routenplaner zu gelangen. Elektromeisterbetrieb Unser Team besteht &hellip; <a href="http://elektro-duebi.ch/web/">Weiterlesen <span class="meta-nav">&rarr;</span></a></p>
